ommon factor of a and x.
7
Let b(c) = c**3 - 4*c**2 - 11*c. Let d be b(6). Let x = -1 + 1. Suppose 4*v - 2*v - d = x. Calculate the greatest common factor of v and 3.
3
Let h be (3 - (-2 + -32)) + -4 + 5. Let i = 170 + -113. What is the greatest common factor of i and h?
19
Let i be 2 + 2*10 - -2. Let d(p) = -46*p + 372. Let z be d(8). Calculate the highest common divisor of i and z.
4
Let s(q) = -2*q**2 + 17 + q**2 + 7*q - 16*q. Let t be s(-10). What is the highest common divisor of t and 35?
7
Suppose -22 = 2*d + 52. Let y be 1/((-1)/d) - -2. Let j be 2 + y - (-5 - -4). What is the greatest common factor of j and 28?
14
Let n be 21*3/(27/(-6)). Let p be (46/n + -1)*42/(-2). Calculate the greatest common divisor of 18 and p.
18
Let a(z) = -z**3 - 10*z**2 + 10*z - 8. Let w be a(-11). Suppose h = w + 12. Suppose -q + 50 = 4*q. Calculate the highest common factor of q and h.
5
Let j = 930 + -309. What is the greatest common factor of j and 345?
69
Suppose -2*i = -l + 393, -4*l - 28*i + 23*i + 1559 = 0. Calculate the highest common factor of 34 and l.
17
Suppose -4*p + 3*d + 150 = 0, 0*d + 118 = 3*p - 5*d. What is the highest common divisor of 1116 and p?
36
Let n be 5/((-100)/(-8))*70. Suppose 0*o + n = 2*o. Calculate the greatest common divisor of o and 112.
14
Suppose -4 = -3*l + 26. Suppose 4*j - 5*w + 25 = 0, 0 = 3*j - 2*j + 5*w - 25. Suppose j = -r - r + 4. Calculate the greatest common divisor of l and r.
2
Suppose d + 8*z - 4*z = -88, 3*d - 3*z = -204. Let n = -70 - d. Calculate the greatest common divisor of 14 and n.
2
Suppose -2 = -3*h + 10. Suppose -1 = -t, -2*p = -0*p - t - 7. Suppose 2*c - 3*d = 14, 3*c = c - 2*d + p. What is the greatest common factor of h and c?
4
Suppose -5*t + 24 - 241 = -2*p, -5*t - 3*p - 237 = 0. Let s = 188 + t. Calculate the greatest common factor of s and 13.
13
Let x(r) = 3*r**2 - 23*r + 2. Let a(s) = -2*s**2 + 12*s - 1. Let i(b) = 5*a(b) + 3*x(b). Let g be i(-7). What is the highest common divisor of g and 9?
3
Suppose 5*z = 5*d - 485, -z + 5*z + 198 = 2*d. Calculate the greatest common divisor of 57 and d.
19
Let f = 197 + -80. What is the greatest common divisor of 26 and f?
13
Suppose 2*r - 5*m - 763 = 0, -3*r + 8*m - 11*m + 1155 = 0. Calculate the highest common divisor of 480 and r.
96
Suppose d + 3 = -2. Let g be ((-35)/(-14))/(d/(-4)). Suppose -3*w = g*w - 85. What is the highest common divisor of w and 153?
17
Suppose -6*i - 9 = -q, -2*q - 5*i - 145 = -7*q. What is the greatest common divisor of 121 and q?
11
Let c = -1700 + 1724. What is the greatest common divisor of c and 204?
12
Suppose 16 + 44 = 4*c. Let n = 20 - 5. What is the greatest common divisor of c and n?
15
Let y = -216 + 300. Calculate the greatest common factor of y and 12.
12
Let k(l) = -l**3 - 8*l**2 - 10*l - 1. Let d(f) = f**3 + 14*f**2 + 33*f - 7. Let h be d(-11). Let v be k(h). Calculate the highest common divisor of v and 260.
20
Suppose -11*v + 7*v + 20 = 0. Suppose 0 = q + 2*q - k - 88, 2*q = v*k + 50. Calculate the greatest common divisor of q and 12.
6
Let z(u) = u**3 + 11*u**2 + 13*u. Let j = -4 - -15. Let b be j/(-1) + 6/3. Let d be z(b). Calculate the highest common factor of d and 5.
5
Let x(h) = -14*h**3 - 9*h**2 + 10*h + 48. Let u be x(-3). Calculate the highest common factor of 70 and u.
35
Let r = -1521 + 1833. Calculate the greatest common divisor of r and 96.
24
Suppose 0 = 5*n - 4 - 6, -2*n + 13 = 3*z. What is the greatest common divisor of 201 and z?
3
Let m = 212 - -201. Calculate the greatest common factor of 59 and m.
59
Let p(s) = s**3 + 12*s**2 - 17*s + 7. Let g be p(-13). Let l be g - (2 + -3)/1. Suppose 36 = 2*j + j. Calculate the greatest common divisor of j and l.
12
Let b = -40 + 42. Let i be (-1)/1*(-44 + b). What is the highest common factor of 6 and i?
6
Suppose -2*h + 5*x = 488, 6*x = -2*h + 2*x - 524. Let o be h/(-7) - (-2)/(-7). Let i = -29 + o. What is the highest common divisor of 28 and i?
7
Suppose 3*y + y + 3*q = 96, -5*y = q - 120. Calculate the highest common factor of y and 54.
6
Let b = -62 - -47. Let i(v) = -2*v**3 - 32*v**2 - 30*v + 4. Let h be i(b). Calculate the highest common divisor of h and 8.
4
Suppose -129*l + 124*l = -240. Calculate the greatest common factor of l and 6.
6
Let t(w) = -w + 6. Let k(v) = -5. Let l(s) = -5*k(s) - 6*t(s). Let d be l(6). What is the highest common factor of 250 and d?
25
Let w(p) = -p**2 - p. Let l be w(0). Suppose 3*s + 27 = -l*s. Let r be s/(-5) - (-2)/10. Calculate the highest common factor of 10 and r.
2
Suppose -5*w = -6*w + 1312. What is the greatest common factor of 32 and w?
32
Let p(s) = -3*s - 18. Let t be p(-6). Suppose -m + 0*m + 2 = t. What is the greatest common factor of m and 4?
2
Let y(i) = i**3 + 14*i**2 + 12*i + 7. Let f be y(-13). Calculate the greatest common factor of 140 and f.
20
Let j be 86/4*(-6 - -8). Let c = j - -109. Let p be -19*(-2)/(-4)*-2. Calculate the greatest common factor of c and p.
19
Let f(b) = 2*b**3 - 4*b**2 - 3*b + 4. Let v be f(4). Let r = -7 + v. What is the greatest common divisor of r and 49?
49
Suppose 4*y - 4576 = 5*j, -3*j - 1349 = -2*y + 941. Suppose -661 = 4*l + 2*f - 1807, 4*l - 5*f - y = 0. Calculate the greatest common factor of l and 26.
26
Let o(z) be the first derivative of -z**4/2 - 19*z**3/3 - 6*z**2 + 8*z - 24. Let x be o(-9). Calculate the greatest common divisor of x and 5.
5
Let m(w) = 5*w**2 - 13*w**2 - 9 - 2*w**3 + w**3 - 9*w. Suppose -4*k + 3 = 31. Let y be m(k). Calculate the greatest common divisor of 35 and y.
5
Let k = -101 - -179. Let v(f) = -2*f**3 - f**2 + 5*f - 5. Let p be v(-5). Calculate the highest common divisor of p and k.
39
Let c be (-1)/(-1 + 0) + 103. Let p be (-3808)/(-49) - 2/(-7). Let x be 80/(-120)*p/(-4). Calculate the greatest common factor of x and c.
13
Let g = 1060 + -1050. What is the highest common factor of 490 and g?
10
Let b(f) = 9*f**2 - 4*f - 8. Let t be b(-4). What is the greatest common factor of t and 64?
8
Let y = -219 - -347. Let r(a) = a**2 - a - 40. Let q be r(8). Calculate the highest common factor of q and y.
16
Suppose -5*z = y - 5*y + 50, -5*y - 3*z = -81. Let u(a) = 3*a**2 - 5*a - 5. Let h be u(-2). Let f = h - 14. What is the highest common divisor of y and f?
3
Let x be (-4)/8 + (-170)/(-4). Calculate the greatest common divisor of 1022 and x.
14
Suppose -z + 119 = -2*w - 61, -900 = -5*z - w. Suppose 5*u + 5*p - 88 = p, 4*u = 3*p + 89. What is the highest common divisor of u and z?
20
Suppose -6*c + 2*c - 88 = 0. Let z be (-18)/99 + (-2 - 378/c). What is the highest common divisor of z and 135?
15
Suppose 30*n + 32 = 34*n. Let f be (8 - 0)*(-1 - 0). Let v = f + 72. Calculate the greatest common divisor of n and v.
8
Let s be (-21408)/(-240) - (-18)/10. Calculate the greatest common factor of 2639 and s.
91
Suppose -12 = 2*r - 16. Suppose -34 = -r*l + 106. Calculate the highest common factor of l and 30.
10
Let w(b) = b**2 + 5*b - 1. Let j be w(3). Suppose j = q + 5*m, -4*q - 2*m + 6*m = -212. Calculate the highest common divisor of q and 192.
48
Suppose 5*u + 7 = 32. Let z(m) = 3*m**2 + 4*m + 5. Let t be z(u). Calculate the highest common factor of 25 and t.
25
Let f be 15/6*24/15. Suppose -f*l - 424 = -3*r, -r + 578 = 3*r + l. What is the greatest common divisor of r and 24?
24
Suppose -m - 66 = -2*w, 55 = -4*w + 5*w + 5*m. Let p = 26 - w. Let o(j) = -2*j**2 - 21*j - 9. Let u be o(p). Calculate the highest common factor of 27 and u.
9
Suppose 5*f + 3*t + 114 = 0, 4*f + 5*t + 86 = -0*f. Let o = f - -28. Suppose 0*g - 2*g = 4, -o*w = -3*g - 354. What is the greatest common divisor of 29 and w?
29
Suppose -12 = -3*r - 0*r. Suppose 0*p = -p - 5, r*z - 125 = p. Let x = -18 - -93. Calculate the highest common factor of x and z.
15
Let j = 55 - 52. Suppose -j*w + 6*w - 150 = -2*l, -4*w = -3*l - 183. Let g = -11 + 23. Calculate the greatest common factor of g and w.
12
Suppose z = 13 - 5. Let l(a) = a + 10. Let m be l(-3). Let x be m*(-16)/7*-3. What is the highest common divisor of z and x?
8
Suppose -4 = 3*h - 7*h. Let i be (1/(-3) + h)/((-1)/(-9)). What is the greatest common factor of 30 and i?
6
Suppose -2 = -g + 1. Suppose -5 = -n + 3. Let j be 4*(1 - 2/n). Calculate the highest common factor of g and j.
3
Suppose 2*x = -c + 48, c 